*2 + k + y*k. What is x(-17)?
-2
Let o(q) = -4*q. Let i(g) = g**3 - g**2 + 4*g + 5. Let f be i(0). Suppose 30 = -f*x - 5*x. Calculate o(x).
12
Let u(l) = -l**3 - 5*l**2 - 12*l - 24. Let k be u(-4). Suppose -44*r + 36 + k = 0. Let q(c) = -4*c**2 + 1. Give q(r).
-3
Let q(u) be the second derivative of u**5/20 + 13*u**4/12 - u**3/6 + u**2 - 8*u. Suppose 4*s - 3*x + 52 = 0, -4*s + 4*x - 107 = -55. Determine q(s).
15
Let c be 2 + (1 - 4) + 1. Let t(x) = 999*x - 29 - 255*x - 244*x - 252*x - 247*x - x**2. Determine t(c).
-29
Let s(a) = -a - 16. Suppose 50*b = 65*b + 135 + 45. What is s(b)?
-4
Let w(t) be the second derivative of t**5/10 - t**4/6 - 5*t**3/6 - t**2 + 5549*t. Give w(4).
74
Let a = 117 - 109. Let y(w) = -w - 4. Let h(l) = 2*l + 7. Let k(q) = a*y(q) + 5*h(q). Let s = 8 - 13. Calculate k(s).
-7
Let b(q) = -2*q**3 - 4*q**2 - 2*q + 1. Let s be 120/(-160) + (-1)/4. Let m be b(s). Let o(p) = -p**3 + 3*p**2 - 2*p + 1. Give o(m).
1
Suppose -g = 5*j + 1, 3*j + 6*g = 3*g - 3. Suppose -2*d + 9 = 4*y + 3*d, 4*y - d - 3 = j. Let k(l) = 12*l**2 + 1. Calculate k(y).
13
Let k(n) be the first derivative of n**3 + 8*n**2 + 8*n - 5183. Calculate k(-6).
20
Let m be ((-65)/30*-4)/((-4)/(-6)). Suppose 0 = 9*c - m*c + 28. Let b(a) = a**3 - 5*a**2 - 15*a + 5. Give b(c).
-2
Let x(h) be the first derivative of 47 + 5*h + 1/2*h**2. Give x(-4).
1
Let u(v) = v**3 - 6*v**2 + 4*v. Suppose -5*i = -c + 44 - 9, 43 = 5*c - 3*i. Determine u(c).
-5
Let x(m) = -109*m + 15 + 0 - 110*m + 325*m - 105*m. Give x(8).
23
Let g(h) = h**3 - 12*h**2 + 8*h + 43. Let k be g(11). Let y(d) = -d - 3*d**2 + k*d - 5*d**2 + 9*d**2. Give y(-8).
-8
Suppose -5*f - 3*w - 43 = 0, 0 = -2*w + w - 1. Let s(q) be the second derivative of q**5/20 + 7*q**4/12 - 13*q**3/6 - 9*q**2/2 - 34253*q + 2. Determine s(f).
31
Let q(a) = -a - 3. Let m(d) = -11*d - 19. Let n(t) = -m(t) + 6*q(t). Let p(z) = -5*z - 1. Let i(o) = -3*n(o) - 2*p(o). Calculate i(-6).
29
Let h(g) be the second derivative of -g**8/6720 - g**7/504 + g**6/144 + g**5/24 - 11*g**4/4 - 8*g + 4. Let p(x) be the third derivative of h(x). Give p(-6).
11
Suppose -5*r - 123 = v, 29*v = -4*r + 27*v - 90. Let h(f) = 12*f + 320. Determine h(r).
8
Let a = 59 - 64. Let l(u) = 5*u**3 - u**2 - 11*u + 11. Let x(o) = 4*o**3 - 2*o**2 - 10*o + 10. Let m(s) = a*l(s) + 6*x(s). Determine m(-6).
-1
Suppose -5*x = -4*s + 32, 6*x - 10*x - s - 13 = 0. Let y(b) = -b**2 + 4*b - 3. Determine y(x).
-35
Suppose -6*r + 4*r = -4*b + 16, 2*b - 16 = -3*r. Let t(w) = r*w - 9 - 1 + 1. Suppose 235 = 16*f + 107. Calculate t(f).
7
Let o = -14715 + 14687. Let y(c) = -c**3 - 26*c**2 + 55*c - 36. Determine y(o).
-8
Let p(y) = 3*y - 5390 + 5391 - 4*y - y**2 + 0*y. Let i = 3 - 8. Let o(s) = 4*s**2 - 2*s - 7. Let l(n) = i*p(n) - o(n). Determine l(-6).
-4
Suppose -48*h + 47*h + 10 = 0. Let l be 1/(-2*(-1)/h). Let c(i) = -11*i**2 + 5*i + l*i**2 + 4*i**2. Give c(4).
-12
Suppose 17*p - 96 - 6 = 0. Let g(t) = t**2 - 5*t - 10. Determine g(p).
-4
Let j = 263 - 268. Let i(y) = -2*y**3 + 17*y**2 - 17*y + 8. Let t(k) = 3*k**3 - 25*k**2 + 25*k - 12. Let f(o) = j*t(o) - 7*i(o). Calculate f(5).
-1
Let d be (-96)/4*28/(-6). Let b(v) = -104 + 214 - 3*v - d. Let s(g) = -2*g**2 + 16*g + 15. Let a be s(9). Give b(a).
7
Let q(c) = c + 4 + 3*c - 1. Let r be (11 - 2)*4/(-48)*-4. Suppose 0 = 2*g - t + 6, -2*g = g - r*t + 6. Give q(g).
-13
Let h(i) = i**3 + 22*i**2 - 47*i + 31. Let k be 60*1*(-1)/(-2)*(-228)/285. Give h(k).
7
Let k be 44 - (-9 - 3)/6. Let s(q) = 26 + 27 - k + q. What is s(-7)?
0
Let w(a) = -7*a + 42. Let i be w(20). Let x = -97 - i. Let t(k) = -9*k + 1. What is t(x)?
-8
Let w(c) = -c**2 - 6*c + 13. Let p be w(-7). Let n(q) = -q**2 + 1. Let j(z) = -z**3 + 3*z**2 - 8*z - 1. Let b(k) = -j(k) + 4*n(k). Determine b(p).
17
Let y(k) be the second derivative of -86*k + 0 - 1/2*k**3 - 1/2*k**2. Calculate y(-3).
8
Let c(v) be the third derivative of v**6/120 - 41*v**5/60 - 55*v**4/24 + 271*v**3/3 + 509*v**2 + v + 1. Give c(42).
-4
Suppose 418*b - 411*b = -3724. Let j = 525 + b. Let v(m) = m + 7. Calculate v(j).
0
Let b(p) = -2*p**2 - 2*p - 1. Let w = -44 - -48. Suppose -20 = 3*a + 5*s - 63, w*a - 69 = 5*s. Let r = a + -17. Calculate b(r).
-1
Let u(b) = -135*b**2 - 12*b - 13. Let w be u(-1). Let v = -137 - w. Let h(q) be the second derivative of -3*q**4/2 - q**3/6 - q**2/2 + q. Calculate h(v).
-18
Let r(o) = -o**3 + 7*o**2 - 6*o + 3. Suppose -114 = 3*d - 138. Suppose d*k = 24 + 24. Give r(k).
3
Let h(u) be the first derivative of u**2/2 - 2*u - 2427. Determine h(16).
14
Let a(y) = -y - 1. Let c = 72 + -9. Suppose 6*b = -3*f - 192, -3*b = -3*f - b - 208. Let x = c + f. Calculate a(x).
4
Suppose -3*k - 282 - 981 = 0. Let l = k - -423. Let c(g) = g**3 + 2*g**2 - 2*g - 2. Give c(l).
10
Let s be 21/6*(4 - 2) - 0. Let v(u) = -6 + 5 - 37*u - 3 + u**2 + 32*u. Determine v(s).
10
Suppose -386 = -120*v + 454. Let y(j) = 2*j**2 - 14*j - 7. Calculate y(v).
-7
Let t(y) = -y**3 - 7*y**2 - 9*y + 12. Let c be t(-4). Suppose c = -23*p + 53 - 7. Let j(g) = 2*g**2 - 3*g + 2. Calculate j(p).
4
Let o(p) = 52771*p**2 - 26386*p**2 - 26384*p**2 + 4 + 16*p. Calculate o(-16).
4
Let t(s) = -s**3 - 6*s**2 + 6*s + 5. Let k = 291 - 249. Suppose 182 = 16*v - k*v. What is t(v)?
12
Let l(z) = 100*z - 53*z + 1 - 52*z - 3. Let n(m) = -m. Let j(k) = -2*l(k) + 14*n(k). Determine j(2).
-4
Suppose -946 = h + 21*h. Let p(j) = -j**3 - 42*j**2 + 45*j + 89. What is p(h)?
3
Let j(p) be the first derivative of 5*p**2/2 + 3*p + 73. Suppose -4*u - 37 = 39. Let b = u - -16. Calculate j(b).
-12
Suppose y - 600 = 16*y + 45*y. Let p(v) = 4*v + 38. Calculate p(y).
-2
Let n(x) = 11*x**3 + 9*x**2 + 3 - 2 - 33*x**3 + 9*x**3 + 15*x**3 + 5*x. Determine n(-4).
-3
Let a(c) = -c**2 + 8*c + 21. Suppose 188*l = 165 + 1715. Calculate a(l).
1
Let j be (-4)/(-18) - (-3136)/(-18). Let k be j/(-45) + (-4)/(-30) - 4. Let f(u) = -u - 1. Give f(k).
-1
Let n = 8902 - 8905. Let p(l) = -1 + 3*l**2 - l + l**3 + 0 - 4*l - 2. Give p(n).
12
Let u(a) = -196 + 5 + 29 - 10*a. Let g be u(-16). Let w(y) = 8*y + 9. Determine w(g).
-7
Suppose -68*n + 3*n = 65. Let c(s) = -13*s**3 + 2*s**2 + s. Determine c(n).
14
Let z = 81 + -210. Let s = z + 134. Let y(h) be the second derivative of h**4/12 - h**3/3 - 2*h**2 - 2*h. Calculate y(s).
11
Let i = 1644 + -1118. Let m = i + -522. Let n(c) = 3*c - 11. What is n(m)?
1
Let c(b) = -b**2 + 4*b - 5. Suppose -x = q - 3*q + 10, -4*q = 3*x. Suppose -q - 141 = -16*f. Suppose z = 2*w - f, 9 = w + 7*z - 3*z. Determine c(w).
-10
Let p(r) = r**3 - 29*r**2 + 2*r + 1. Let w(z) = -z**3 + 16*z**2 - z - 1. Let x(c) = -p(c) - 2*w(c). Let o be (-10)/(-3) + 1/(-3). Give x(o).
1
Let u(l) = -2*l**2 + 2*l - 3. Let d be (-2292)/24 - (-2)/(-4). Let w be 9/((-27)/(-4))*75. Let q = d + w. Give u(q).
-27
Let k(i) = -i**3 - 36*i**2 - 2*i - 58. Let g be k(-36). Suppose 25*n - g*n - 11 = 0. Let r(v) = 3*v**2 - 4*v + 5. Determine r(n).
4
Suppose -8*z = -3*z - 15. Let i(l) be the third derivative of l**5/20 + l**4/8 + 124*l**3/3 - 100*l**2. Let j(v) be the first derivative of i(v). Give j(z).
21
Let f(p) = -10*p**2 + 6*p + 2. Suppose -2*y = -8 + 6. Let k be f(y). Let w(d) = 10*d + 3. Give w(k).
-17
Suppose -1 = j, -34*x + 4*j - 3 = -35*x. Let w(t) = -2*t**2 + 11*t + 24. Calculate w(x).
3
Let d(p) = 80 - 14*p - 18*p + 36*p - 23*p - 24*p. Determine d(2).
-6
Let b(h) be the first derivative of -5*h**2/2 - 126*h + 4422. What is b(-24)?
-6
Let a = -27 - -28. Suppose -2*q - a + 9 = 0. Let z(r) = -7*r + 0*r + 4*r - 7 + q*r. What is z(6)?
-1
Let z(x) be the second derivative of 7*x**3/6 + 23*x**2/2 - 22*x. Let i(g) = 6*g + 21. Let a(c) = -6*i(c) + 5*z(c). Calculate a(-8).
-3
Let v(a) be the first derivative of -a**2/2 + 10*a - 19. Let d be v(-19). Let z(h) = 13*h**2 - 5*h + 35 - d - h**3 - 7*h**2. Give z(5).
6
Let g(t) = 1 + 2291171*t - 28*t**2 - 2291171*t. Let i = -33 + 32. Give g(i).
-27
Let t(o) be the third derivative of o**6/120 - 2*o**5/15 + o**4/6 + 2*o**3/3 - o**2. Suppose -10 = -2*v + 2*n, 0 = 21*v - 19*v + 5*n - 24. What is t(v)?
-17
Let i(w) = 2*w**3 - 9*w**2 + 2*w - 33. Suppose -f + 11 = -2*h, -92 = f - 5*h - 112. What is i(f)?
2
Let q = -94 - -110. Let w be (-6)/(-14) - (q/(-28) + -1). Let t(v) = -2*v**3 + 2*v**2 + 3*v - 3. Give t(w).
-5
Let c(m) = -16*m**2 - 67*m - 1